 be 105/14 + -2 + 5/2. Suppose 3*q - r*q + 32 = 4*w, -q + 16 = 4*w. Suppose 3*o - 27 = -5*z + 7, 3*o = q*z + 43. What are the prime factors of o?
13
Let l be 0*2/((-3)/(18/24)). What are the prime factors of (12 - (10 + 1))*(l + 86)?
2, 43
Suppose -9*u + 108 = -3*u. Suppose 5*t = u*t - 598. List the prime factors of t.
2, 23
Suppose 2*c - 4*l = 1640, -4*c - 12*l = -16*l - 3260. List the prime factors of c.
2, 3, 5
Suppose -2 - 4 = -3*s. Suppose s*q + 4*m = -4, -5*m + m - 8 = 0. Suppose 3*c - q*o = 114 - 8, 96 = 3*c + 3*o. What are the prime factors of c?
2, 17
Let u = 21 - 18. Suppose 0 = 25*p - 26*p + u. What are the prime factors of 138*((-4)/p)/(-4)?
2, 23
Let y be 6/(-8) - (-19532)/16. Suppose 860 = 10*i - y. What are the prime factors of i?
2, 13
List the prime factors of 3926*(66/(-12) - -12).
13, 151
Let p(f) = -76*f**3 + 7*f**2 + 29*f + 38. What are the prime factors of p(-6)?
2, 4133
Let c(g) = 14*g**2 + 8*g - 40. Let x be c(3). Suppose -4*l = -y + l + x, l = -y + 104. What are the prime factors of y?
3, 5, 7
Suppose 431 - 1911 = -5*s + 4*a, 4*s = 3*a + 1184. Let j = s - -84. List the prime factors of j.
2, 5, 19
Let w be (2 + -3 - (4 - 9)) + -10. What are the prime factors of (171/1)/((11/w)/(-11))?
2, 3, 19
Suppose 206*l - 198*l = 32. Let t(f) = f + 70. Let s be t(0). Suppose -v + 5*g + s = 0, l*g - 7*g = -2*v + 161. List the prime factors of v.
5, 17
Let f be 1/(-53*16/(-282) + -3). Let w = 132 + f. What are the prime factors of w?
3, 7, 13
Let w(z) = -1736*z**3 - 10*z - 11. Let q be w(-1). Suppose 0 = h + 4*h + 4*i - q, -i = 5. What are the prime factors of h?
3, 13
Suppose -5*s = -10*s - 140. Let t(d) = d**2 + 19*d + 61. List the prime factors of t(s).
313
Suppose 0 = b + 4*t - 193, -5*b + 9*b - 5*t - 688 = 0. Let c = -107 + b. List the prime factors of c.
2, 5, 7
Let n(h) = 20*h**2 - 6*h - 6. Let p be n(-3). Suppose -4*f = -7*f - p. Let x = -33 - f. What are the prime factors of x?
31
Suppose 0 = 6*i - 2*i - 5*v + 457, 5*v + 15 = 0. List the prime factors of (i/5*1)/(26/(-260)).
2, 59
Let f be 72/48 - (-21)/6. Suppose 4*r + 4*y - 4164 = 0, -f*r + 5*y + 5207 = 8*y. List the prime factors of r.
2, 521
Let d(m) = 19*m**2 + 13 + 18*m - 11*m**3 + 17*m - 42*m. Let w(i) = -5*i**3 + 9*i**2 - 4*i + 7. Let k(b) = 4*d(b) - 9*w(b). List the prime factors of k(5).
29
Suppose 101574 = 5*s - 2*l - 149707, -l = 5*s - 251272. What are the prime factors of s?
5, 19, 23
Suppose 0 = 5*h + 10, 0*r + 3*h + 272 = -r. Let z = r - -545. What are the prime factors of z?
3, 31
Let r = -8199 + 11626. What are the prime factors of r?
23, 149
Let h(b) = -1. Let j(n) = 63*n - 42. Let v(z) = -4*h(z) + j(z). Let f be v(6). Suppose 2*c - f = u, 0*u = 4*u - 16. What are the prime factors of c?
2, 43
Suppose 2*w + 22*f = 24*f + 27918, 5*w = 2*f + 69780. List the prime factors of w.
2, 6977
Let h(w) = 3111*w**2 - 5*w + 7. List the prime factors of h(1).
11, 283
Suppose 30 = 179*f - 164*f. Suppose -91 - 402 = -f*s + 5*a, 499 = 2*s + a. What are the prime factors of s?
3, 83
Let b = 458 + -439. Suppose -2 = 2*o - 4*o, -3*i + 15 = 3*o. Suppose -b - 45 = -i*g. What are the prime factors of g?
2
Let u(h) = h**2 - 4*h + 4. Let s be u(2). Suppose 13*r - r - 9216 = s. What are the prime factors of r?
2, 3
Suppose -82460 - 81158 = -29*a. What are the prime factors of a?
2, 7, 13, 31
Let c(f) = 141*f + 5548. List the prime factors of c(27).
5, 1871
Let t = -5 + 7. Suppose 4*h - 3*l = 1203, -33*h = -37*h - 4*l + 1196. Suppose 5*y - t*y = h. List the prime factors of y.
2, 5
Suppose -x = -2*g - 10, -19 - 6 = -x + 5*g. Let k be (10/(-8) - x)/((-13)/52). What are the prime factors of (-4)/k - 71*12/(-15)?
2, 7
Let z be 1*(103/2)/((-9)/90). Let w = z - -810. What are the prime factors of w?
5, 59
Suppose -12557 = -49*i - 88 + 8895. List the prime factors of i.
2, 109
Let v(c) = 7*c + 116. Let p be v(-18). What are the prime factors of 549 + 3*5/p*2?
2, 3, 7, 13
Let u = 38 - 42. Let r be 3/(-12) + 47/u. What are the prime factors of -19*(r/(-12))/(-1 - 0)?
19
Let a = -72 - 276. Let g = 62 - a. Suppose 7*l - g = 780. List the prime factors of l.
2, 5, 17
Suppose -3*r = -5*l + 52, 8 = -2*l + 3*l - 3*r. Suppose 3*p = l*p - 80. Suppose y - p = 2. What are the prime factors of y?
2, 3
Suppose 4*v + 13670 = 2*n, 2*n - 14*v - 13645 = -15*v. What are the prime factors of n?
3, 5, 7, 13
Let y be (21 + -4)*-1*-45. Suppose 0 = -3*m + 8*m - y. Suppose 0*q - m = -q. List the prime factors of q.
3, 17
Let g = -6 - -12. Let d be -1 + (-1)/(-2) + (-837)/g. Let u = d - -224. What are the prime factors of u?
2, 3, 7
Suppose 0 = -t + j + 16, t - 5 + 1 = -5*j. What are the prime factors of (2 + 3)/(t/714)?
3, 5, 17
Let y = 179 + -177. What are the prime factors of y*(-2)/((-12)/2415)?
5, 7, 23
Let a(c) be the third derivative of c**7/630 + c**6/16 - 7*c**5/15 + 5*c**2. Let m(r) be the third derivative of a(r). What are the prime factors of m(11)?
7, 19
Let k(d) be the third derivative of 19*d**6/120 - d**5/15 + 3*d**4/8 - 4*d**3 - 307*d**2. What are the prime factors of k(4)?
2, 3, 97
Let q(c) = -228*c**3 + 2*c - 1. Let k be q(1). Let a = -216 - k. What are the prime factors of a?
11
Let y(c) = 3*c**2 + 0 - 4*c - 6 - c. Suppose -3 = -r, -z - 16 = 20*r - 24*r. List the prime factors of y(z).
2, 31
Let g = -56 + -3. Let l = g - -168. Let j = 110 + l. What are the prime factors of j?
3, 73
Suppose 4 = -z - h - h, -h + 3 = 3*z. Suppose -66 = -5*q + d, z*d = 4*q - 3*d - 36. Suppose n - 2*t = 18, -t - 23 = -4*n + q. What are the prime factors of n?
2
What are the prime factors of 10343 + (-33)/(99/(-42))?
10357
Suppose -4*s + 39221 = -4*u + 5565, 5*u - 25234 = -3*s. What are the prime factors of s?
47, 179
Suppose 157 = 5*y + 697. Let c = 112 + y. Suppose -2*t + 4 = -c, -5*i - 4*t + 201 = 0. What are the prime factors of i?
37
Suppose -3*q = 7*i - 3*i - 136, -4 = q. Suppose 0 = 40*p - i*p - 2*h - 6124, -3*h = 5*p - 10175. What are the prime factors of p?
2, 1019
Suppose 2*g = -2 - 4. Let x(j) = -2*j**3 + 6*j + 7. Let c be x(g). Suppose 128 = 3*p - c. What are the prime factors of p?
3, 19
Let t(g) = -2*g**3 - 64*g**2 + 128*g + 101. Let k(y) = y**3 + 32*y**2 - 63*y - 51. Let q(r) = 5*k(r) + 3*t(r). What are the prime factors of q(-34)?
2, 7
Let q = -6079 + 8654. Let n be (3 + 19/(-5))*q/(-10). Suppose 3*j - 40 = n. List the prime factors of j.
2, 41
Let v(b) = 7*b**2 + 49*b. Let g be v(-7). List the prime factors of 1 + 860 - 5/(-25)*g.
3, 7, 41
Let q be (-17)/((-102)/(-36))*10/(-6). Suppose -3*y = 5*h - q*h - 1048, -1389 = -4*y + 5*h. List the prime factors of y.
11, 31
Suppose -5*u + 7*u = -2. Let p(w) = -2 + 26*w**2 - 96*w + 93*w - 8*w**2 + 21*w**2 + 3*w**2. What are the prime factors of p(u)?
43
Let j(s) = 58*s + 118. Suppose -65*h + 54*h + 121 = 0. What are the prime factors of j(h)?
2, 3, 7
Suppose 2*v - 20 = -0*v - 4*j, 0 = 4*v + 5*j - 28. Suppose 3*g + 2 = l + 9, 8 = 3*g - v*l. Suppose 0 = -d, c - 92 = -g*d + d. List the prime factors of c.
2, 23
Suppose 3*t + 3*s - 317535 = -101835, -4*t - s + 287624 = 0. What are the prime factors of t?
2, 17977
Suppose 4*m = 4*h + 109612, -122*m - h + 137009 = -117*m. List the prime factors of m.
2, 3, 4567
Let a(o) = -30*o**2 - 2405*o - 10. List the prime factors of a(-73).
5, 3137
Let v be 5 + -3 + (-4 - -4). List the prime factors of (11 - v) + 97 + 7.
113
Suppose 2*o + 30 = 4*l + 256, -234 = -2*o - 4*l. Let m = 181 - o. What are the prime factors of m?
2, 3, 11
Suppose 0 = -15*v + 24*v - 62858 - 32974. List the prime factors of v.
2, 11
Let g = 56 + -53. Suppose g*y - 820 = -4*p - 54, 2*y = p - 186. List the prime factors of p.
2, 5, 19
Let t(a) = -25507*a - 4992. What are the prime factors of t(-3)?
3, 113, 211
Let r = 9424 - 5617. List the prime factors of r.
3, 47
Suppose -72*m - 45*m + 1016125 = -92*m. What are the prime factors of m?
5, 11, 739
Suppose 662*w = 668*w - 2280. Let b = w - 367. List the prime factors of b.
13
List the prime factors of 897/598*(2 + (-43360)/(-3)).
21683
Let m = -9807 + 30649. List the prime factors of m.
2, 17, 613
Let k = -761 + -255. Let z be 0/2 - k/8. Let q = z - 91. What are the prime factors of q?
2, 3
Suppose -c = -5*v - 48783 + 5660, 2*v - 129488 = -3*c. What are the prime factors of c?
2, 3, 7193
Let n(p) = 3*p*